 - 1 = 0, r - 4*b = 2 + 5. What are the prime factors of (16718/(-52))/(r/2)?
643
Let p(z) = -3*z**3 - 4*z**2 - 7*z - 8. Suppose 6 = 7*j + 13. Let u(i) = 5*i**3 + i**2 - 2*i - 2. Let y be u(j). What are the prime factors of p(y)?
2, 37
Suppose -33 = 4*m - 3*r, 0*m + 5*m + 43 = 2*r. Let g(c) = 21*c - 65. Let f(w) = -4*w + 13. Let l(j) = 11*f(j) + 2*g(j). What are the prime factors of l(m)?
31
Let g = -28 + 25. Let j = -13 - g. Let i(k) = k**2 + 6*k - 20. What are the prime factors of i(j)?
2, 5
Let v be 1*3 - (-4 + 4 + 0). Suppose v*n - 91 = -5*i, -3*n + 5 + 90 = 4*i. Suppose u - 2*p - n = -0*p, 127 = 3*u + 2*p. List the prime factors of u.
41
Suppose -s = -2*y - 30831, 37*y - 16 = 41*y. What are the prime factors of s?
13, 2371
Let v(x) = 114*x + 1138. What are the prime factors of v(6)?
2, 911
Suppose -a - 17 + 27 = 0. Suppose 5*i - a*i = -2595. Suppose 0 = 5*u - i - 206. List the prime factors of u.
5, 29
Suppose -193*x + 188*x = -10. What are the prime factors of (-43 - x)*50/(0 + -2)?
3, 5
Suppose 59*u + 400 = 19*u. What are the prime factors of 3125*((-54)/u - 5)?
2, 5
Let r be (-76)/(-14) - 18/42. Let i(o) = 37*o - 13. Let l be i(r). Suppose 5*p + 2*f = l, 0*p - 4*f - 30 = -p. List the prime factors of p.
2, 17
Suppose -69*v + 2535994 + 10132386 = 119*v. List the prime factors of v.
5, 13477
Let v(j) = -3*j**3 + 22*j**2 + 14*j + 28. Let h(g) = -g**3 + g**2. Let t(q) = 2*h(q) - v(q). List the prime factors of t(23).
1237
Let f(d) = -2*d**2 + 18*d - 45. Let v be f(10). Let m(t) = t**3 - 4*t**2 + t. Let i be m(6). Let k = v + i. What are the prime factors of k?
13
Let d(m) = m**2 - 31*m + 56. Suppose 4 - 32 = -2*j + 4*c, 4*c = -j + 44. Let s be d(j). Let w = -64 - s. List the prime factors of w.
2, 3
Let p be 2/(-13) - (-3040)/494. List the prime factors of (9 - (-917)/(-14))*p*-2.
2, 3, 113
Suppose -q - 497 - 940 = 0. Let i = -283 - q. Suppose -44 = -o + 5*a + 210, 5*o + 4*a - i = 0. What are the prime factors of o?
2, 3, 13
Suppose 8*k + 4 = 20. Suppose 0 = k*f + 8, f + 498 = 3*o + 32. What are the prime factors of o?
2, 7, 11
Let z = 35 + -266. What are the prime factors of 3982/8 + z/132?
2, 31
Suppose -3*x + 145 + 890 = 0. Let f = 117 + x. List the prime factors of f.
2, 3, 7, 11
Let a = -37 - -48. Suppose 3311 = a*z - 0*z. What are the prime factors of z?
7, 43
Let n(x) = -10*x**2 - 3*x**3 - 6*x - 380 - 4*x**3 + 385. What are the prime factors of n(-5)?
2, 3, 5, 11
Suppose -2*p + 0*m + 3*m = -23, p + 3*m = -11. Suppose p*n = 12*n - 2720. List the prime factors of n.
2, 5, 17
Let y(f) = 51*f**2 + 6. Suppose -5*d - 11 = -1. What are the prime factors of y(d)?
2, 3, 5, 7
Suppose -104 = -13*s + 26. Suppose s*q - 11776 = -6*q. What are the prime factors of q?
2, 23
Suppose 187512 = -95945*z + 95949*z. List the prime factors of z.
2, 3, 13, 601
Suppose -8*h = -2*d - 3*h - 238, 0 = 2*d + 2*h + 238. Let z = d + 117. List the prime factors of (187 - -10) + 1/(z/8).
193
Let u(q) = q**2 - 3*q - 8. Let n be u(-9). Suppose -5*y + 5*i + 60 = 0, 34 = -3*y - 3*i + n. Suppose 283 = 4*v - y. List the prime factors of v.
3, 5
Let q(v) = -5*v + 15. Let p be q(2). Suppose 3*x + 396 = 2*k - 190, -p*k = -5*x - 1465. What are the prime factors of k?
293
Let k = -140 - -142. List the prime factors of (172/12 + k)/((-3)/(-63)).
7
Let m(f) = 2*f**2 + 42*f + 23. Suppose -51 - 12 = 3*v. List the prime factors of m(v).
23
Suppose -a = -3*h - 15203, -a + h = -6*a + 76095. List the prime factors of a.
2, 7, 1087
Let y = -323 + 3. Let m(k) = 116*k**2 + 2*k. Let h be m(-2). Let f = y + h. What are the prime factors of f?
2, 5, 7
Let i(w) = 1409*w - 1835. What are the prime factors of i(4)?
3, 7, 181
Let c(p) = p**3 + 5*p**2 + 2*p + 4. Let z be c(-7). Suppose -3*g = -2*d - 1178, 0 = -3*g + 5*d - 120 + 1292. Let i = z + g. List the prime factors of i.
2, 11, 13
Let w be 55/44*(-5 - -1). List the prime factors of 4/(w + 3)*-94.
2, 47
Suppose -1090 = -10*q + 1350. Suppose -5*a - q = 4*k, -k = -0*k + a + 62. What are the prime factors of -501*(34/k + (-14)/(-77))?
167
Suppose -y + 5*i - 7 = 0, 52*y - 3*i = 49*y + 27. What are the prime factors of y?
13
Let a be (24/18)/((-4)/(-18)). Let q be (303/6)/(3/a). Let s = q + -62. List the prime factors of s.
3, 13
Suppose 4*x - 11*x + 7 = 0. Let n(j) = 918*j + 14. What are the prime factors of n(x)?
2, 233
Let y = 11 - -43. Let i = 81 + y. Let c = -120 + i. What are the prime factors of c?
3, 5
Let p(y) = 76*y + 102*y + 12 + 0*y. Let u be p(-5). List the prime factors of (-6)/(-27) - u/18.
7
Suppose 149 = 7*k + 135. Suppose -4*u = 5*h - 855, -k*h + u = -473 + 144. What are the prime factors of h?
167
Let c(s) = -10*s**3 + 10*s**2 + 19*s + 23. Let v(q) = -19*q**3 + 19*q**2 + 38*q + 46. Let a(m) = -11*c(m) + 6*v(m). What are the prime factors of a(-7)?
2, 3
List the prime factors of (-3 + (112/48 - (-4 - -3)))*48921.
23, 709
Let h = 14137 + -7301. What are the prime factors of h?
2, 1709
Suppose 326 = 10*d + 2246. Let a = 266 + d. List the prime factors of a.
2, 37
Let t(v) = -v**2 + 8*v - 9. Let d be t(4). Let f(i) = i**3 - 5*i**2 - 4*i + 4. Let l be f(d). Suppose -l = -12*g + 298. What are the prime factors of g?
31
Suppose 5*j - 25 = -5. Let f be 5*j/35 - (-104)/14. List the prime factors of ((-222)/(-9))/(f/48).
2, 37
Suppose 147 + 1494 = -l. Let j = -916 - l. List the prime factors of j.
5, 29
Suppose -4*n + 4343 = 2*p + 3*p, 0 = 5*n - 5*p - 5485. Suppose w - 311 = -x - 40, 4*w + 2*x = n. What are the prime factors of w?
5, 11
Let a = -5542 - -11439. List the prime factors of a.
5897
Let b(v) = -3*v**3 + 10*v**2 + 5*v + 82. List the prime factors of b(-8).
2, 1109
Suppose 1155*k + 5191332 = 1383*k. What are the prime factors of k?
22769
Let i(z) = 69*z**2 - 144*z - 1398. What are the prime factors of i(-11)?
3, 5, 569
Let r(d) = 818*d**2 - 542*d + 28. What are the prime factors of r(-7)?
2, 7
Suppose 4*r + 19421 + 9069 = g, -4*g = 5*r - 114065. What are the prime factors of g?
2, 5, 2851
What are the prime factors of 9828 + 2*84/(-24)?
7, 23, 61
What are the prime factors of (-3)/2 + (-42998)/(-4) + (-67 - -70)?
13, 827
Suppose 0 = -2*m - 18*m + 21940. Let d = -295 + m. Suppose 8*y - d = 1030. What are the prime factors of y?
229
Suppose 5*i = -2*t + 1739, 7*i - 6*i + 2*t - 343 = 0. Let q = 618 - i. What are the prime factors of q?
269
Let o = -15 + -36. Let p = o + -103. Let i = p + 332. List the prime factors of i.
2, 89
Suppose 0 = -5*c - 20, 3*b - 5*c - 23574 = -6067. List the prime factors of b.
3, 29, 67
Suppose -4*u - 182016 = -7*u - 5*u. What are the prime factors of u?
2, 3, 79
Suppose z + 2*f = -159 + 495, 0 = 4*z + 4*f - 1356. List the prime factors of z.
2, 3, 19
Suppose -a + 2*k = -1, 3*a + 51*k - 55*k - 11 = 0. Let t = 5 + -2. Suppose -t*c - 3 + a = 0. List the prime factors of c.
2
Let i = -61 - -685. Suppose i*x + 472 = 626*x. What are the prime factors of x?
2, 59
Let k be (9*(-1)/(-3))/((-4)/280). Let x = k - -591. List the prime factors of x.
3, 127
Suppose 0 = -4*l + 9*g - 16*g + 38723, 0 = 5*l + 5*g - 48400. List the prime factors of l.
9679
Let l(t) = 23*t**2 - 10*t - 13. Let d be l(-2). Suppose -3*o = 2*o - 3030. Suppose 4*g - 3*q - d = o, 4*q = 5*g - 881. What are the prime factors of g?
3, 59
Suppose 112*p = 113*p - 703. Suppose 15*a = p + 11687. What are the prime factors of a?
2, 7, 59
Let b(a) = 458*a - 1861. What are the prime factors of b(24)?
23, 397
Let o(d) = 72*d + 33. Let f be o(9). Suppose -n + f = 2*j - 1146, -j - 3*n = -921. Suppose 5*g - j = m, m - 3*m = 4. What are the prime factors of g?
2, 7, 13
Suppose 0 = 58*s - 53*s + 6*q - 211394, 4*s - 169036 = 4*q. What are the prime factors of s?
2, 10567
Let q be (374/(-66))/((-1)/66). Let c = 715 - q. List the prime factors of c.
11, 31
Suppose -8 = 3*u + n + 3, 4*u + 20*n + 52 = 0. Let h(f) = -f**2 - 5*f + 5. Let v be h(-6). What are the prime factors of v + (56 - 0) - (u - -4)?
2, 3
Let v(p) = -p**3 - p**2 - 1. Let f(m) = -6*m**3 - 30*m**2 + 57*m - 94. Let w(l) = -f(l) + 5*v(l). What are the prime factors of w(-27)?
2, 5, 17
Let y(f) = f**3 - 7*f**2 - 4. Let m be y(7). Let d(q) = -10*q**3 + q**2 + 13*q + 3. List the prime factors of d(m).
607
Let t be 2/(-2)*-3*198/27. Let i be (-6)/33 - ((-180)/t + -2). Suppose -128 = i*o - 668. List t